{"id":11,"date":"2023-10-05T15:24:17","date_gmt":"2023-10-05T15:24:17","guid":{"rendered":"https:\/\/bigtoy.cl\/?page_id=11"},"modified":"2024-07-25T12:36:01","modified_gmt":"2024-07-25T12:36:01","slug":"reembolso_devoluciones","status":"publish","type":"page","link":"https:\/\/bigtoy.cl\/?page_id=11","title":{"rendered":"Calidad y garant\u00eda"},"content":{"rendered":"\n<figure class=\"wp-block-image size-large\"><img fetchpriority=\"high\" decoding=\"async\" width=\"1024\" height=\"197\" src=\"https:\/\/bigtoy.cl\/wp-content\/uploads\/2023\/10\/Terminos-y-condiciones-1024x197.png\" alt=\"\" class=\"wp-image-901\" srcset=\"https:\/\/bigtoy.cl\/wp-content\/uploads\/2023\/10\/Terminos-y-condiciones-1024x197.png 1024w, https:\/\/bigtoy.cl\/wp-content\/uploads\/2023\/10\/Terminos-y-condiciones-600x115.png 600w, https:\/\/bigtoy.cl\/wp-content\/uploads\/2023\/10\/Terminos-y-condiciones-300x58.png 300w, https:\/\/bigtoy.cl\/wp-content\/uploads\/2023\/10\/Terminos-y-condiciones-768x148.png 768w, https:\/\/bigtoy.cl\/wp-content\/uploads\/2023\/10\/Terminos-y-condiciones-1536x295.png 1536w, https:\/\/bigtoy.cl\/wp-content\/uploads\/2023\/10\/Terminos-y-condiciones-2048x394.png 2048w\" sizes=\"(max-width: 1024px) 100vw, 1024px\" \/><\/figure>\n\n\n\n<p><h3>1. Calidad<\/h3><\/p>\n\n\n\n<p>Nuestra empresa Soc. Alejandro Ambrosio Jara Aguirre e hija Ltda., certifica que:<\/p>\n\n\n\n<p>1.1 Las estructuras met\u00e1licas de nuestros productos son elaboradas con materiales de primera calidad, los cuales cuentan con certificaci\u00f3n ISO.<\/p>\n\n\n\n<p>1.2 Las pinturas y pigmentos utilizados tanto en las estructuras met\u00e1licas como en piezas pl\u00e1sticas no son t\u00f3xicas y cuentan con filtro UV de 7 capas.<\/p>\n\n\n\n<p>1.3 Las piezas pl\u00e1sticas son elaboradas con polietileno virgen de alta densidad, con proceso de rotomoldeo, lo que asegura piezas m\u00e1s robustas y firmes.<\/p>\n\n\n\n<p>1.4 Cada proceso de la elaboraci\u00f3n del producto fue llevada a cabo por nuestra empresa, sin intervenci\u00f3n de terceros, garantizando una fabricaci\u00f3n de calidad en manos de personas con m\u00e1s de 20 a\u00f1os de experiencia en el rubro.<\/p>\n\n\n\n<p>1.5 Nuestros productos han sido elaborados bajo las directrices de la NCh3340 y son analizados por control de calidad previo a su entrega para detectar tempranamente cualquier no conformidad.<\/p>\n\n\n\n<p><h2><strong>2. Garant\u00eda<\/strong><\/h2><\/p>\n\n\n\n<p>2.1 La empresa se har\u00e1 cargo de la reparaci\u00f3n parcial, total o sustituci\u00f3n del producto, en caso de presentar falla de fabricaci\u00f3n, fatiga de material o deste\u00f1ido de las piezas pl\u00e1sticas, previa revisi\u00f3n por parte de la empresa a partir del reporte generado por el cliente.<\/p>\n\n\n\n<p>2.2 BigToy realizar\u00e1 el despacho de los productos sometidos a cambio sin cargo al cliente.<\/p>\n\n\n\n<p>2.3 Toda pieza o producto repuesto estar\u00e1 sujeto a garant\u00eda solo por el periodo original de la compra, no m\u00e1s all\u00e1 de la misma.<\/p>\n\n\n\n<p>2.4 La garant\u00eda solo es v\u00e1lida para el comprador original, y quedar\u00e1 sin efecto en caso de ser vendido a un tercero.<\/p>\n\n\n\n<p>2.5 El cambio de productos en caso de fallo total no puede exceder monto pagado por el producto.<\/p>\n\n\n\n<p><h2><strong>3. Exclusiones de garant\u00eda<\/strong><\/h2><\/p>\n\n\n\n<p>3.1 Actos vand\u00e1licos, tales como grafitis, robo de piezas, partes o del producto completo, golpes, incendios o cualquier tipo de da\u00f1o intencional.<\/p>\n\n\n\n<p>3.2 Reparaciones o modificaciones realizados por personas ajenas a Big Toy.<\/p>\n\n\n\n<p>3.3 Uso inadecuado, o que los productos hayan sido utilizados fuera de las especificaciones t\u00e9cnicas del producto (edad, peso, uso)<\/p>\n\n\n\n<p>3.4 Vencimiento del plazo de la garant\u00eda, la cual tiene vigencia a partir de la fecha de la boleta o factura, seg\u00fan corresponda.<\/p>\n\n\n\n<p>3.5 En caso de que el o los productos hayan sido instalados por personal ajeno a Big Toy, no se responder\u00e1 por el incorrecto armado, desnivel o cualquier problema que conlleve.<\/p>\n\n\n\n<p>3.6 Derrame de l\u00edquidos corrosivos.<\/p>\n\n\n\n<p>3.7 Da\u00f1os producidos por cat\u00e1strofes naturales como inundaciones, terremotos, deslizamiento de tierra, etc., como tambi\u00e9n por factores medioambientales, ll\u00e1mese niebla, arena, agua salina que puede desgastar o corroer el producto.<\/p>\n\n\n\n<p>3.8 Da\u00f1os producidos por incendios, derrumbes, choques vehiculares, explosiones o cualquier accidente producido por un tercero ajeno a la empresa Big Toy.<\/p>\n\n\n\n<p>3.9 Desgaste por el uso inadecuado del producto.<\/p>\n\n\n\n<p><h2><strong>4. Plazos de garant\u00eda<\/strong><\/h2><\/p>\n\n\n\n<figure class=\"wp-block-image size-full\"><img decoding=\"async\" width=\"581\" height=\"272\" src=\"https:\/\/bigtoy.cl\/wp-content\/uploads\/2023\/10\/Sin-ytitulo.png\" alt=\"\" class=\"wp-image-900\" srcset=\"https:\/\/bigtoy.cl\/wp-content\/uploads\/2023\/10\/Sin-ytitulo.png 581w, https:\/\/bigtoy.cl\/wp-content\/uploads\/2023\/10\/Sin-ytitulo-300x140.png 300w\" sizes=\"(max-width: 581px) 100vw, 581px\" \/><\/figure>\n\n\n\n<p><h2><strong>5. Datos para hacer efectiva la garant\u00eda<\/strong><\/h2><\/p>\n\n\n\n<p>Para hacer efectiva la garant\u00eda, debe enviar un correo a sara@bigtoy.cl o sara.bigtoy@gmail.com, adjuntando la factura o boleta, una imagen del producto defectuoso y las razones de su reclamo.<\/p>\n\n\n\n<p><\/p>\n","protected":false},"excerpt":{"rendered":"<p>1. Calidad Nuestra empresa Soc. Alejandro Ambrosio Jara Aguirre e hija Ltda., certifica que: 1.1 Las estructuras met\u00e1licas de nuestros productos son elaboradas con materiales de primera calidad, los cuales cuentan con certificaci\u00f3n ISO. 1.2 Las pinturas y pigmentos utilizados tanto en las estructuras met\u00e1licas como en piezas pl\u00e1sticas no son t\u00f3xicas y cuentan con [&hellip;]<\/p>\n","protected":false},"author":1,"featured_media":0,"parent":867,"menu_order":0,"comment_status":"closed","ping_status":"closed","template":"","meta":{"site-sidebar-layout":"default","site-content-layout":"","ast-site-content-layout":"","site-content-style":"default","site-sidebar-style":"default","ast-global-header-display":"","ast-banner-title-visibility":"","ast-main-header-display":"","ast-hfb-above-header-display":"","ast-hfb-below-header-display":"","ast-hfb-mobile-header-display":"","site-post-title":"","ast-breadcrumbs-content":"","ast-featured-img":"","footer-sml-layout":"","theme-transparent-header-meta":"","adv-header-id-meta":"","stick-header-meta":"","header-above-stick-meta":"","header-main-stick-meta":"","header-below-stick-meta":"","astra-migrate-meta-layouts":"default","ast-page-background-enabled":"default","ast-page-background-meta":{"desktop":{"background-color":"var(--ast-global-color-4)","background-image":"","background-repeat":"repeat","background-position":"center center","background-size":"auto","background-attachment":"scroll","background-type":"","background-media":"","overlay-type":"","overlay-color":"","overlay-gradient":""},"tablet":{"background-color":"","background-image":"","background-repeat":"repeat","background-position":"center center","background-size":"auto","background-attachment":"scroll","background-type":"","background-media":"","overlay-type":"","overlay-color":"","overlay-gradient":""},"mobile":{"background-color":"","background-image":"","background-repeat":"repeat","background-position":"center center","background-size":"auto","background-attachment":"scroll","background-type":"","background-media":"","overlay-type":"","overlay-color":"","overlay-gradient":""}},"ast-content-background-meta":{"desktop":{"background-color":"var(--ast-global-color-5)","background-image":"","background-repeat":"repeat","background-position":"center center","background-size":"auto","background-attachment":"scroll","background-type":"","background-media":"","overlay-type":"","overlay-color":"","overlay-gradient":""},"tablet":{"background-color":"var(--ast-global-color-5)","background-image":"","background-repeat":"repeat","background-position":"center center","background-size":"auto","background-attachment":"scroll","background-type":"","background-media":"","overlay-type":"","overlay-color":"","overlay-gradient":""},"mobile":{"background-color":"var(--ast-global-color-5)","background-image":"","background-repeat":"repeat","background-position":"center center","background-size":"auto","background-attachment":"scroll","background-type":"","background-media":"","overlay-type":"","overlay-color":"","overlay-gradient":""}},"footnotes":""},"class_list":["post-11","page","type-page","status-publish","hentry"],"_links":{"self":[{"href":"https:\/\/bigtoy.cl\/index.php?rest_route=\/wp\/v2\/pages\/11","targetHints":{"allow":["GET"]}}],"collection":[{"href":"https:\/\/bigtoy.cl\/index.php?rest_route=\/wp\/v2\/pages"}],"about":[{"href":"https:\/\/bigtoy.cl\/index.php?rest_route=\/wp\/v2\/types\/page"}],"author":[{"embeddable":true,"href":"https:\/\/bigtoy.cl\/index.php?rest_route=\/wp\/v2\/users\/1"}],"replies":[{"embeddable":true,"href":"https:\/\/bigtoy.cl\/index.php?rest_route=%2Fwp%2Fv2%2Fcomments&post=11"}],"version-history":[{"count":2,"href":"https:\/\/bigtoy.cl\/index.php?rest_route=\/wp\/v2\/pages\/11\/revisions"}],"predecessor-version":[{"id":2281,"href":"https:\/\/bigtoy.cl\/index.php?rest_route=\/wp\/v2\/pages\/11\/revisions\/2281"}],"up":[{"embeddable":true,"href":"https:\/\/bigtoy.cl\/index.php?rest_route=\/wp\/v2\/pages\/867"}],"wp:attachment":[{"href":"https:\/\/bigtoy.cl\/index.php?rest_route=%2Fwp%2Fv2%2Fmedia&parent=11"}],"curies":[{"name":"wp","href":"https:\/\/api.w.org\/{rel}","templated":true}]}}